 + 7. Let n be -2*(-1 - -1 - -4). Let p be c(n). Let g be z(p). What is the highest common factor of g and 2?
1
Let y(i) = -2*i**2 + 23*i - 24. Let p be y(10). Suppose 2*b = 3*b - 12. What is the greatest common divisor of p and b?
6
Suppose 5*z + 63 - 403 = 0. Let n be z/16*12/3. What is the highest common divisor of n and 17?
17
Let t(m) = 2*m**2 + 1. Let p be t(4). Suppose -p = -2*i - i. Let f(c) = -c**3 + 10*c**2 - 6*c - 6. Let j be f(7). What is the greatest common factor of j and i?
11
Suppose 2*f = -4*y, -5*y = -0*f + 4*f. Suppose f = 2*o - 10 - 32. Let k = o + 15. What is the greatest common factor of 4 and k?
4
Let v(k) = 4*k**2 + 2*k - 6. Let q be v(-3). What is the greatest common factor of q and 12?
12
Suppose -c - 5*c - 60 = 0. Let w be (-336)/(-35) + 6/c. What is the highest common factor of w and 6?
3
Let w = -23 + 77. What is the greatest common factor of 27 and w?
27
Let l be -24*(-4 - 4/(-3)). Calculate the highest common divisor of 8 and l.
8
Suppose -5*p + 21 = 2*z, 4*p + 3*z - 3 - 11 = 0. Calculate the greatest common divisor of p and 40.
5
Let i(y) = -196*y**3 + y**2 + y. Let u be i(-1). Suppose 3*r - 5*x = -2 + 126, x = -4*r + u. Let o be 4/6*-3*-16. What is the greatest common factor of o and r?
16
Suppose -v - 4*v = -160. Suppose -3*d = 2*d - 40. What is the highest common divisor of d and v?
8
Suppose 1 = k - 2. Suppose -i = -3*a + 146, -k*a + a + 86 = 5*i. What is the highest common factor of 32 and a?
16
Let n(s) = -2*s - 5. Let y(z) = -z**2 - 8*z + 2. Let g be y(-8). Let k = -3 - g. Let t be n(k). Calculate the highest common factor of t and 5.
5
Suppose -z + 1 = -0. Let v = z - 3. Let w be -2 - v - (-105 - 0). Calculate the greatest common divisor of 42 and w.
21
Suppose -5*f + 15 = -2*f. Calculate the greatest common divisor of 20 and f.
5
Let p = -6 - -16. Let l = 20 - p. What is the greatest common divisor of 20 and l?
10
Suppose 10 = 2*q - 242. Let z(k) = 5*k - 7. Let v be z(5). What is the highest common factor of v and q?
18
Suppose -q = q. Suppose -25 - 15 = -4*h. Suppose -l + h = -q*l. What is the highest common factor of l and 5?
5
Let d = -137 - -54. Let x = d + 237. Calculate the greatest common divisor of x and 14.
14
Let z be (10 - 11)/(2/(-10)). Suppose 30 = 5*a - 3*a. What is the greatest common divisor of a and z?
5
Let y be (-2)/((1/4)/(585/(-40))). What is the greatest common factor of y and 13?
13
Let c(a) = -5*a - 4*a - 2*a + a**2 + 0*a**2 + 4. Let l be c(12). What is the greatest common factor of l and 4?
4
Let x be (-4)/(40/6) + 258/5. Calculate the highest common divisor of x and 34.
17
Suppose -314 = -3*q + 2*j + 51, q = 4*j + 135. Let n = q + -80. Let s = -13 + 39. What is the greatest common factor of s and n?
13
Let m = 2 - -5. Suppose -2*c + m*c - 40 = 3*n, 0 = 4*c + 4*n. Suppose c*w - 104 = u, w - 1 = -3*u + 7. What is the greatest common divisor of 10 and w?
10
Let u be -3*((-16)/6)/(-4). Let q be 63 + (1 - u - 2). What is the greatest common divisor of 8 and q?
8
Let q = 5 + -7. Let x be (-62)/(2/q - 1). Suppose 69 = 5*c - x. Calculate the highest common divisor of c and 8.
4
Let o = -439 + 893. Suppose -h + o = 4*p - p, -2*p + 4*h = -326. Suppose 4*y - 5*d - p = 0, y + d - 8 = 37. What is the greatest common factor of 6 and y?
6
Suppose 10*s - 313 = 5*s - 2*x, -4*x - 319 = -5*s. Let w = -6 - -13. Calculate the highest common factor of w and s.
7
Let j = 103 + -92. What is the greatest common divisor of 11 and j?
11
Suppose 3*o + 2*c - 6 = 5, 5*o - 5*c - 10 = 0. Suppose 0*q = -o*q + 15. What is the greatest common factor of q and 2?
1
Suppose 5*b = 35 + 30. Let k = b + -1. What is the greatest common factor of 132 and k?
12
Suppose 11*s + 9 = 14*s. What is the highest common divisor of s and 3?
3
Let o be 11/(((-3)/(-19))/3). Let k = o + -137. Let j(c) = -4*c - 7. Let g be j(-4). What is the greatest common divisor of k and g?
9
Suppose 2*w = 4*v - 3 + 113, 4*w - 4*v - 200 = 0. Let g = 15 + 0. Calculate the highest common divisor of w and g.
15
Suppose -2*f - 4*v + 19 = -3, 0 = -4*f - 3*v + 34. Let b be f + (0 - -2)/(-2). Calculate the greatest common divisor of b and 48.
6
Let u(o) be the third derivative of 17*o**6/120 + o**5/60 - o**4/24 - 5*o**2. Let d be u(1). What is the highest common factor of d and 85?
17
Let u(o) = 12*o - 9. Let t be u(-6). Let a be (-6)/(-4) + t/(-18). Suppose -2*q - 2*q + 9 = -b, -13 = -4*q + 5*b. What is the highest common divisor of q and a?
2
Let k(o) = 12*o - 9. Let n be k(9). Calculate the highest common divisor of 11 and n.
11
Let r = 24 + 30. Calculate the highest common divisor of r and 18.
18
Let m = -4 - -7. Suppose m*k = -2*k + 20. Let w(p) = p**2 + p + 5. Let q be w(k). Calculate the highest common divisor of 5 and q.
5
Suppose -3*u = -101 - 31. Suppose -3*z = -4*o - 4, 2*z = 3*z - 5*o + 6. Calculate the highest common factor of u and z.
4
Let w(o) = o + 5. Let b be w(5). Suppose -b + 30 = 5*z. What is the highest common factor of z and 4?
4
Let j(l) = -9*l + 89. Let o be j(7). What is the highest common factor of 65 and o?
13
Let k(v) = -3*v - 1. Let s be k(-1). Let m(j) = j**2 + 3*j - 2. Let w be m(-4). Let h = -1 + w. What is the highest common divisor of s and h?
1
Let n be (-2)/(-6) - 16/(-6). Suppose 2*y - r = 22, 1 - 3 = -2*y - 4*r. Let v be (-4)/6*y/(-6). What is the greatest common divisor of n and v?
1
Suppose -3*v + 24 = -v. Suppose 0 = -2*j + v. What is the highest common divisor of j and 2?
2
Suppose 4*i - 13 - 35 = 0. Suppose -3*s + i = -45. Calculate the highest common factor of s and 133.
19
Let r be -8*(-2)/4 + -2. Let l(o) = -9*o + 7. Let w(d) = -9*d + 8. Let j(i) = r*w(i) - 3*l(i). Let z be j(5). Calculate the highest common divisor of z and 8.
8
Let i be -6*(-9)/(9/2). Calculate the greatest common divisor of 96 and i.
12
Let n = -86 + 182. Calculate the greatest common factor of n and 24.
24
Let b(x) = x**2 + x + 6. Let y be b(-6). Suppose 2*k = 3 + 5, 4*w = -k + 20. What is the greatest common factor of y and w?
4
Let r be -3 + 5 - 2*-17. Let m = -5 + 95. Calculate the highest common factor of r and m.
18
Let y be (616/(-21))/((-1)/3). Let b = 5 - -3. What is the highest common factor of b and y?
8
Let h be 1/2*(2 + 4). Let l be -17*(h + 0 + -4). What is the greatest common factor of l and 153?
17
Let z be -2 - (-3 + -2 + 1). Suppose 5*r - 83 = 3*x + 64, 2*x = z. What is the highest common factor of r and 12?
6
Let c be 4/(-10) + 92/5. Let v = c + -9. What is the highest common divisor of 27 and v?
9
Suppose 3*i + 3*q = 21, -2*i + 5 = -5*q + 12. Calculate the highest common divisor of i and 4.
4
Let u(n) = -n**2 + 14*n + 27. Let g be u(13). What is the greatest common factor of 10 and g?
10
Let i be 4/(-14) - (-2)/7. Let a(m) = -m**2 + 3*m - 2. Let g be a(2). Suppose g = n - i*n - 12. What is the greatest common factor of n and 24?
12
Let q = -10 + 38. What is the greatest common divisor of 42 and q?
14
Let l(r) = 2*r**3 + 3*r**2 - 1. Let w be l(-2). Let b be (-72)/(-2)*w/(-4). Suppose -14 = -4*a + 22. Calculate the greatest common factor of b and a.
9
Let k be 0/(-1)*(-15)/15. Suppose -p + 18 = -k*p. Let s(j) = 18*j. Let f be s(1). Calculate the highest common factor of p and f.
18
Let c(s) = 8*s - 8. Let z be c(7). Calculate the greatest common factor of z and 32.
16
Suppose y - 4*y - 4*i + 67 = 0, y - 23 = -i. What is the greatest common divisor of y and 10?
5
Let a be 12/(-3 + 7) + -3. Suppose a = -2*y - 6, -3*n = 5*y - 13 - 5. What is the greatest common factor of n and 33?
11
Suppose -5*f - 3*t + t + 45 = 0, -4*f = -5*t - 36. Suppose -g = -3 + f. Let v be g/(-15) + 16/10. What is the highest common factor of 3 and v?
1
Suppose 0 = 6*c - c + 15. Let i be (-2)/c*(18 - 0). Let o = i - -7. Calculate the highest common factor of o and 38.
19
Let o(b) = 5*b - 4. Let z be o(4). Suppose 0 = -4*f + 19 + 13. Calculate the highest common factor of f and z.
8
Let u(h) = -h**2 + h. Let t be u(0). Suppose -3*f + 339 = -4*k - t*k, 2*f + 395 = -5*k. Let q = 113 + k. Calculate the highest common factor of q and 4.
4
Suppose 0 = -2*t + d + 47, 2*t + 8*d - 53 = 7*d. Calculate the greatest common divisor of t and 125.
25
Let t be 48 - (-5 + (-3)/(-1)). What is the greatest common divisor of 20 and t?
10
Let h be (3/4)/(6/(-48)). L